{"id":3889,"date":"2022-11-16T10:50:52","date_gmt":"2022-11-16T13:50:52","guid":{"rendered":"https:\/\/memorialdecruzdasalmas.com.br\/memorial\/?page_id=3889"},"modified":"2022-11-16T11:12:21","modified_gmt":"2022-11-16T14:12:21","slug":"igreja-adventista","status":"publish","type":"page","link":"https:\/\/memorialdecruzdasalmas.com.br\/memorial\/igreja-adventista\/","title":{"rendered":"Igreja Adventista do S\u00e9timo Dia"},"content":{"rendered":"\t\t<div data-elementor-type=\"wp-page\" data-elementor-id=\"3889\" class=\"elementor elementor-3889\">\n\t\t\t\t\t\t\t\t\t<section class=\"elementor-section elementor-top-section elementor-element elementor-element-6e6205ad elementor-section-full_width elementor-section-stretched elementor-section-height-default elementor-section-height-default\" data-id=\"6e6205ad\" data-element_type=\"section\" data-settings=\"{&quot;stretch_section&quot;:&quot;section-stretched&quot;,&quot;background_background&quot;:&quot;classic&quot;}\">\n\t\t\t\t\t\t\t<div class=\"elementor-background-overlay\"><\/div>\n\t\t\t\t\t\t\t<div class=\"elementor-container elementor-column-gap-no\">\n\t\t\t\t\t<div class=\"elementor-column elementor-col-100 elementor-top-column elementor-element elementor-element-694854af\" data-id=\"694854af\" data-element_type=\"column\">\n\t\t\t<div class=\"elementor-widget-wrap elementor-element-populated\">\n\t\t\t\t\t\t\t\t<div class=\"elementor-element elementor-element-e7213b2 elementor-widget elementor-widget-spacer\" data-id=\"e7213b2\" data-element_type=\"widget\" data-widget_type=\"spacer.default\">\n\t\t\t\t<div class=\"elementor-widget-container\">\n\t\t\t<style>\/*! elementor - v3.11.3 - 07-03-2023 *\/\n.elementor-column .elementor-spacer-inner{height:var(--spacer-size)}.e-con{--container-widget-width:100%}.e-con-inner>.elementor-widget-spacer,.e-con>.elementor-widget-spacer{width:var(--container-widget-width,var(--spacer-size));--align-self:var(--container-widget-align-self,initial);--flex-shrink:0}.e-con-inner>.elementor-widget-spacer>.elementor-widget-container,.e-con-inner>.elementor-widget-spacer>.elementor-widget-container>.elementor-spacer,.e-con>.elementor-widget-spacer>.elementor-widget-container,.e-con>.elementor-widget-spacer>.elementor-widget-container>.elementor-spacer{height:100%}.e-con-inner>.elementor-widget-spacer>.elementor-widget-container>.elementor-spacer>.elementor-spacer-inner,.e-con>.elementor-widget-spacer>.elementor-widget-container>.elementor-spacer>.elementor-spacer-inner{height:var(--container-widget-height,var(--spacer-size))}<\/style>\t\t<div class=\"elementor-spacer\">\n\t\t\t<div class=\"elementor-spacer-inner\"><\/div>\n\t\t<\/div>\n\t\t\t\t<\/div>\n\t\t\t\t<\/div>\n\t\t\t\t<div class=\"elementor-element elementor-element-4c1f830e elementor-widget elementor-widget-imroz-section-title\" data-id=\"4c1f830e\" data-element_type=\"widget\" data-widget_type=\"imroz-section-title.default\">\n\t\t\t\t<div class=\"elementor-widget-container\">\n\t\t\t        <div class=\"section-title mb--20 mb_sm--0 text-center\">\n                                        <span class=\"sub-title\">Siga, Curta e Compartilhe!<\/span>\n                        <h2 class=\"title rbt-section-title\"><span>Igreja Adventista do 7\u00b0 dia<\/span><\/h2>                            <p>Conhe\u00e7a um pouco sobre a hist\u00f3ria.<\/p>\n                            <\/div>\n        \t\t<\/div>\n\t\t\t\t<\/div>\n\t\t\t\t<div class=\"elementor-element elementor-element-7aa261b8 elementor-widget elementor-widget-spacer\" data-id=\"7aa261b8\" data-element_type=\"widget\" data-widget_type=\"spacer.default\">\n\t\t\t\t<div class=\"elementor-widget-container\">\n\t\t\t\t\t<div class=\"elementor-spacer\">\n\t\t\t<div class=\"elementor-spacer-inner\"><\/div>\n\t\t<\/div>\n\t\t\t\t<\/div>\n\t\t\t\t<\/div>\n\t\t\t\t\t<\/div>\n\t\t<\/div>\n\t\t\t\t\t\t\t<\/div>\n\t\t<\/section>\n\t\t\t\t<section class=\"elementor-section elementor-top-section elementor-element elementor-element-23e582d elementor-section-boxed elementor-section-height-default elementor-section-height-default\" data-id=\"23e582d\" data-element_type=\"section\">\n\t\t\t\t\t\t<div class=\"elementor-container elementor-column-gap-default\">\n\t\t\t\t\t<div class=\"elementor-column elementor-col-100 elementor-top-column elementor-element elementor-element-f818d6c\" data-id=\"f818d6c\" data-element_type=\"column\">\n\t\t\t<div class=\"elementor-widget-wrap elementor-element-populated\">\n\t\t\t\t\t\t\t\t<div class=\"elementor-element elementor-element-04ac7fd elementor-widget elementor-widget-imroz-section-title\" data-id=\"04ac7fd\" data-element_type=\"widget\" data-widget_type=\"imroz-section-title.default\">\n\t\t\t\t<div class=\"elementor-widget-container\">\n\t\t\t        <div class=\"section-title mb--20 mb_sm--0 text-left\">\n                                        <span class=\"sub-title\">Memorial Digital!<\/span>\n                        <h2 class=\"title rbt-section-title\"><span>Apresenta\u00e7\u00e3o<\/span><\/h2>                            <\/div>\n        \t\t<\/div>\n\t\t\t\t<\/div>\n\t\t\t\t<div class=\"elementor-element elementor-element-2bd4ad4 elementor-widget elementor-widget-text-editor\" data-id=\"2bd4ad4\" data-element_type=\"widget\" data-widget_type=\"text-editor.default\">\n\t\t\t\t<div class=\"elementor-widget-container\">\n\t\t\t<style>\/*! elementor - v3.11.3 - 07-03-2023 *\/\n.elementor-widget-text-editor.elementor-drop-cap-view-stacked .elementor-drop-cap{background-color:#818a91;color:#fff}.elementor-widget-text-editor.elementor-drop-cap-view-framed .elementor-drop-cap{color:#818a91;border:3px solid;background-color:transparent}.elementor-widget-text-editor:not(.elementor-drop-cap-view-default) .elementor-drop-cap{margin-top:8px}.elementor-widget-text-editor:not(.elementor-drop-cap-view-default) .elementor-drop-cap-letter{width:1em;height:1em}.elementor-widget-text-editor .elementor-drop-cap{float:left;text-align:center;line-height:1;font-size:50px}.elementor-widget-text-editor .elementor-drop-cap-letter{display:inline-block}<\/style>\t\t\t\t<p><span style=\"color: #333333;\">A HIST\u00d3RIA DA IGREJA ADVENTISTA DO 7\u00b0 DIA EM CRUZ DAS ALMAS<\/span><\/p><p><span style=\"color: #333333;\">Um contato mission\u00e1rio feito em 1933 foi o in\u00edcio da Igreja Adventista em Cruz das Almas.<\/span><\/p><p><span style=\"color: #333333;\">Nesse ano de 1933, o cruzalmense Antonio Menezes Eloy, o &#8216;seu Nem, foi estudar e Salvador. Foi ali na escola que ele ouviu de um colega sobre a f\u00e9 Adventista.<\/span><\/p><p><span style=\"color: #333333;\">Entusiasmado pelas novidades do filho, seu pai, Franco Eloy, buscou mais conhecimento<\/span><\/p><p><span style=\"color: #333333;\">Logo, surgiria o primeiro grupo de batizados: Joaquim Fran\u00e7a, Benedita Fran\u00e7a, Maria Concei\u00e7\u00e3o Eloy, Am\u00e9lia Menezes Oliveira e Maria Ant\u00f4nia Siqueira. N\u00e3o muito tempo depois, o segundo grupo: Jo\u00e3o Bispo da Silva, Jo\u00e3o Queiroz, Marita Pereira de\u00a0 Queiroz, Adalgisa Queiroz, Josefina Azevedo e Maria Jos\u00e9 Eloy filha do Senhor Franco. Grande privil\u00e9gio de ainda ter conosco uma das pioneiras, Juvina Azevedo Silva com 106 anos de idade. Grande b\u00ean\u00e7\u00e3o!.<\/span><\/p><p><span style=\"color: #333333;\">Primeiro endere\u00e7o\u00a0 de\u00a0\u00a0 Rua J B\u00a0 da Fonseca ( Rua do Jenipapo).<\/span><\/p><p><span style=\"color: #333333;\">Atualmente\u00a0 a Igreja Adventista do S\u00e9timo Dia est\u00e1 instalada na rua Professor Mata Pereira, 142.<\/span><\/p><p><span style=\"color: #333333;\">Muitos pastores lideraram essa Igreja: Pastor Ant\u00f4nio Pereira, Gileno Oliveira, Pl\u00e1cido Pita, Marcos Schultz, Nesias Joaquim e muitos outros; o atual pastor Marcelo Ara\u00fajo.\u00a0<\/span><\/p><p><span style=\"color: #333333;\">A mensagem se expandiu bastante em dois Distritos com mais de 25 igrejas com o total de mais de mil membros. A Igreja Adventista do S\u00e9timo Dia\u00a0 junto \u00e1 sociedade\u00a0 cruzalmense desenvolve o projeto social dessa\u00a0 Igreja Adventista em todo o mundo ADRA e na Igreja local\u00a0 a ASA (Assist\u00eancia Social Adventista) distribuindo cestas b\u00e1sicas entre membros da Igreja e fora dela. Distribuindo sopas a moradores de rua e de pessoas da periferia, roupas, cal\u00e7ados, consultas m\u00e9dicas e rem\u00e9dios.<\/span><\/p><p><span style=\"color: #333333;\"><strong>Pesquisa e texto: Diego Azevedo &#8211; jornalista<\/strong><\/span><\/p>\t\t\t\t\t\t<\/div>\n\t\t\t\t<\/div>\n\t\t\t\t<div class=\"elementor-element elementor-element-71605a3 elementor-widget elementor-widget-spacer\" data-id=\"71605a3\" data-element_type=\"widget\" data-widget_type=\"spacer.default\">\n\t\t\t\t<div class=\"elementor-widget-container\">\n\t\t\t\t\t<div class=\"elementor-spacer\">\n\t\t\t<div class=\"elementor-spacer-inner\"><\/div>\n\t\t<\/div>\n\t\t\t\t<\/div>\n\t\t\t\t<\/div>\n\t\t\t\t\t<\/div>\n\t\t<\/div>\n\t\t\t\t\t\t\t<\/div>\n\t\t<\/section>\n\t\t\t\t\t\t\t<\/div>\n\t\t","protected":false},"excerpt":{"rendered":"<p>Siga, Curta e Compartilhe! Igreja Adventista do 7\u00b0 dia Conhe\u00e7a um pouco sobre a hist\u00f3ria. Memorial Digital! Apresenta\u00e7\u00e3o A HIST\u00d3RIA DA IGREJA ADVENTISTA DO 7\u00b0 DIA EM CRUZ DAS ALMAS Um contato mission\u00e1rio feito em 1933 foi o in\u00edcio da Igreja Adventista em Cruz das Almas. Nesse ano de 1933, o cruzalmense Antonio Menezes Eloy, [&hellip;]<\/p>\n","protected":false},"author":1,"featured_media":0,"parent":0,"menu_order":0,"comment_status":"closed","ping_status":"closed","template":"elementor_header_footer","meta":{"footnotes":""},"class_list":["post-3889","page","type-page","status-publish","hentry"],"acf":[],"_links":{"self":[{"href":"https:\/\/memorialdecruzdasalmas.com.br\/memorial\/wp-json\/wp\/v2\/pages\/3889","targetHints":{"allow":["GET"]}}],"collection":[{"href":"https:\/\/memorialdecruzdasalmas.com.br\/memorial\/wp-json\/wp\/v2\/pages"}],"about":[{"href":"https:\/\/memorialdecruzdasalmas.com.br\/memorial\/wp-json\/wp\/v2\/types\/page"}],"author":[{"embeddable":true,"href":"https:\/\/memorialdecruzdasalmas.com.br\/memorial\/wp-json\/wp\/v2\/users\/1"}],"replies":[{"embeddable":true,"href":"https:\/\/memorialdecruzdasalmas.com.br\/memorial\/wp-json\/wp\/v2\/comments?post=3889"}],"version-history":[{"count":10,"href":"https:\/\/memorialdecruzdasalmas.com.br\/memorial\/wp-json\/wp\/v2\/pages\/3889\/revisions"}],"predecessor-version":[{"id":3899,"href":"https:\/\/memorialdecruzdasalmas.com.br\/memorial\/wp-json\/wp\/v2\/pages\/3889\/revisions\/3899"}],"wp:attachment":[{"href":"https:\/\/memorialdecruzdasalmas.com.br\/memorial\/wp-json\/wp\/v2\/media?parent=3889"}],"curies":[{"name":"wp","href":"https:\/\/api.w.org\/{rel}","templated":true}]}}

Igreja Adventista do Sétimo Dia

<div data-elementor-type="wp-page" data-elementor-id="3889" class="elementor elementor-3889">
									<section class="elementor-section elementor-top-section elementor-element elementor-element-6e6205ad elementor-section-full_width elementor-section-stretched elementor-section-height-default elementor-section-height-default" data-id="6e6205ad" data-element_type="section" data-settings="{&quot;stretch_section&quot;:&quot;section-stretched&quot;,&quot;background_background&quot;:&quot;classic&quot;}">
							<div class="elementor-background-overlay"></div>
							<div class="elementor-container elementor-column-gap-no">
					<div class="elementor-column elementor-col-100 elementor-top-column elementor-element elementor-element-694854af" data-id="694854af" data-element_type="column">
			<div class="elementor-widget-wrap elementor-element-populated">
								<div class="elementor-element elementor-element-e7213b2 elementor-widget elementor-widget-spacer" data-id="e7213b2" data-element_type="widget" data-widget_type="spacer.default">
				<div class="elementor-widget-container">
			<style>/*! elementor - v3.11.3 - 07-03-2023 */
.elementor-column .elementor-spacer-inner{height:var(--spacer-size)}.e-con{--container-widget-width:100%}.e-con-inner>.elementor-widget-spacer,.e-con>.elementor-widget-spacer{width:var(--container-widget-width,var(--spacer-size));--align-self:var(--container-widget-align-self,initial);--flex-shrink:0}.e-con-inner>.elementor-widget-spacer>.elementor-widget-container,.e-con-inner>.elementor-widget-spacer>.elementor-widget-container>.elementor-spacer,.e-con>.elementor-widget-spacer>.elementor-widget-container,.e-con>.elementor-widget-spacer>.elementor-widget-container>.elementor-spacer{height:100%}.e-con-inner>.elementor-widget-spacer>.elementor-widget-container>.elementor-spacer>.elementor-spacer-inner,.e-con>.elementor-widget-spacer>.elementor-widget-container>.elementor-spacer>.elementor-spacer-inner{height:var(--container-widget-height,var(--spacer-size))}</style>		<div class="elementor-spacer">
			<div class="elementor-spacer-inner"></div>
		</div>
				</div>
				</div>
				<div class="elementor-element elementor-element-4c1f830e elementor-widget elementor-widget-imroz-section-title" data-id="4c1f830e" data-element_type="widget" data-widget_type="imroz-section-title.default">
				<div class="elementor-widget-container">
			        <div class="section-title mb--20 mb_sm--0 text-center">
                                        <span class="sub-title">Siga, Curta e Compartilhe!</span>
                        <h2 class="title rbt-section-title"><span>Igreja Adventista do 7° dia</span></h2>                            <p>Conheça um pouco sobre a história.</p>
                            </div>
        		</div>
				</div>
				<div class="elementor-element elementor-element-7aa261b8 elementor-widget elementor-widget-spacer" data-id="7aa261b8" data-element_type="widget" data-widget_type="spacer.default">
				<div class="elementor-widget-container">
					<div class="elementor-spacer">
			<div class="elementor-spacer-inner"></div>
		</div>
				</div>
				</div>
					</div>
		</div>
							</div>
		</section>
				<section class="elementor-section elementor-top-section elementor-element elementor-element-23e582d elementor-section-boxed elementor-section-height-default elementor-section-height-default" data-id="23e582d" data-element_type="section">
						<div class="elementor-container elementor-column-gap-default">
					<div class="elementor-column elementor-col-100 elementor-top-column elementor-element elementor-element-f818d6c" data-id="f818d6c" data-element_type="column">
			<div class="elementor-widget-wrap elementor-element-populated">
								<div class="elementor-element elementor-element-04ac7fd elementor-widget elementor-widget-imroz-section-title" data-id="04ac7fd" data-element_type="widget" data-widget_type="imroz-section-title.default">
				<div class="elementor-widget-container">
			        <div class="section-title mb--20 mb_sm--0 text-left">
                                        <span class="sub-title">Memorial Digital!</span>
                        <h2 class="title rbt-section-title"><span>Apresentação</span></h2>                            </div>
        		</div>
				</div>
				<div class="elementor-element elementor-element-2bd4ad4 elementor-widget elementor-widget-text-editor" data-id="2bd4ad4" data-element_type="widget" data-widget_type="text-editor.default">
				<div class="elementor-widget-container">
			<style>/*! elementor - v3.11.3 - 07-03-2023 */
.elementor-widget-text-editor.elementor-drop-cap-view-stacked .elementor-drop-cap{background-color:#818a91;color:#fff}.elementor-widget-text-editor.elementor-drop-cap-view-framed .elementor-drop-cap{color:#818a91;border:3px solid;background-color:transparent}.elementor-widget-text-editor:not(.elementor-drop-cap-view-default) .elementor-drop-cap{margin-top:8px}.elementor-widget-text-editor:not(.elementor-drop-cap-view-default) .elementor-drop-cap-letter{width:1em;height:1em}.elementor-widget-text-editor .elementor-drop-cap{float:left;text-align:center;line-height:1;font-size:50px}.elementor-widget-text-editor .elementor-drop-cap-letter{display:inline-block}</style>				<p><span style="color: #333333;">A HISTÓRIA DA IGREJA ADVENTISTA DO 7° DIA EM CRUZ DAS ALMAS</span></p><p><span style="color: #333333;">Um contato missionário feito em 1933 foi o início da Igreja Adventista em Cruz das Almas.</span></p><p><span style="color: #333333;">Nesse ano de 1933, o cruzalmense Antonio Menezes Eloy, o &#8216;seu Nem, foi estudar e Salvador. Foi ali na escola que ele ouviu de um colega sobre a fé Adventista.</span></p><p><span style="color: #333333;">Entusiasmado pelas novidades do filho, seu pai, Franco Eloy, buscou mais conhecimento</span></p><p><span style="color: #333333;">Logo, surgiria o primeiro grupo de batizados: Joaquim França, Benedita França, Maria Conceição Eloy, Amélia Menezes Oliveira e Maria Antônia Siqueira. Não muito tempo depois, o segundo grupo: João Bispo da Silva, João Queiroz, Marita Pereira de  Queiroz, Adalgisa Queiroz, Josefina Azevedo e Maria José Eloy filha do Senhor Franco. Grande privilégio de ainda ter conosco uma das pioneiras, Juvina Azevedo Silva com 106 anos de idade. Grande bênção!.</span></p><p><span style="color: #333333;">Primeiro endereço  de   Rua J B  da Fonseca ( Rua do Jenipapo).</span></p><p><span style="color: #333333;">Atualmente  a Igreja Adventista do Sétimo Dia está instalada na rua Professor Mata Pereira, 142.</span></p><p><span style="color: #333333;">Muitos pastores lideraram essa Igreja: Pastor Antônio Pereira, Gileno Oliveira, Plácido Pita, Marcos Schultz, Nesias Joaquim e muitos outros; o atual pastor Marcelo Araújo. </span></p><p><span style="color: #333333;">A mensagem se expandiu bastante em dois Distritos com mais de 25 igrejas com o total de mais de mil membros. A Igreja Adventista do Sétimo Dia  junto á sociedade  cruzalmense desenvolve o projeto social dessa  Igreja Adventista em todo o mundo ADRA e na Igreja local  a ASA (Assistência Social Adventista) distribuindo cestas básicas entre membros da Igreja e fora dela. Distribuindo sopas a moradores de rua e de pessoas da periferia, roupas, calçados, consultas médicas e remédios.</span></p><p><span style="color: #333333;"><strong>Pesquisa e texto: Diego Azevedo &#8211; jornalista</strong></span></p>						</div>
				</div>
				<div class="elementor-element elementor-element-71605a3 elementor-widget elementor-widget-spacer" data-id="71605a3" data-element_type="widget" data-widget_type="spacer.default">
				<div class="elementor-widget-container">
					<div class="elementor-spacer">
			<div class="elementor-spacer-inner"></div>
		</div>
				</div>
				</div>
					</div>
		</div>
							</div>
		</section>
							</div>

<p>Siga, Curta e Compartilhe! Igreja Adventista do 7° dia Conheça um pouco sobre a história. Memorial Digital! Apresentação A HISTÓRIA DA IGREJA ADVENTISTA DO 7° DIA EM CRUZ DAS ALMAS Um contato missionário feito em 1933 foi o início da Igreja Adventista em Cruz das Almas. Nesse ano de 1933, o cruzalmense Antonio Menezes Eloy, [&hellip;]</p>
