{"id":3944,"date":"2022-11-16T11:46:07","date_gmt":"2022-11-16T14:46:07","guid":{"rendered":"https:\/\/memorialdecruzdasalmas.com.br\/memorial\/?page_id=3944"},"modified":"2022-11-21T18:14:12","modified_gmt":"2022-11-21T21:14:12","slug":"igreja-presbiteriana","status":"publish","type":"page","link":"https:\/\/memorialdecruzdasalmas.com.br\/memorial\/igreja-presbiteriana\/","title":{"rendered":"Primeira Igreja Presbiteriana de Cruz das Almas"},"content":{"rendered":"\t\t<div data-elementor-type=\"wp-page\" data-elementor-id=\"3944\" class=\"elementor elementor-3944\">\n\t\t\t\t\t\t\t\t\t<section class=\"elementor-section elementor-top-section elementor-element elementor-element-6e6205ad elementor-section-full_width elementor-section-stretched elementor-section-height-default elementor-section-height-default\" data-id=\"6e6205ad\" data-element_type=\"section\" data-settings=\"{&quot;stretch_section&quot;:&quot;section-stretched&quot;,&quot;background_background&quot;:&quot;classic&quot;}\">\n\t\t\t\t\t\t\t<div class=\"elementor-background-overlay\"><\/div>\n\t\t\t\t\t\t\t<div class=\"elementor-container elementor-column-gap-no\">\n\t\t\t\t\t<div class=\"elementor-column elementor-col-100 elementor-top-column elementor-element elementor-element-694854af\" data-id=\"694854af\" data-element_type=\"column\">\n\t\t\t<div class=\"elementor-widget-wrap elementor-element-populated\">\n\t\t\t\t\t\t\t\t<div class=\"elementor-element elementor-element-e7213b2 elementor-widget elementor-widget-spacer\" data-id=\"e7213b2\" data-element_type=\"widget\" data-widget_type=\"spacer.default\">\n\t\t\t\t<div class=\"elementor-widget-container\">\n\t\t\t<style>\/*! elementor - v3.11.3 - 07-03-2023 *\/\n.elementor-column .elementor-spacer-inner{height:var(--spacer-size)}.e-con{--container-widget-width:100%}.e-con-inner>.elementor-widget-spacer,.e-con>.elementor-widget-spacer{width:var(--container-widget-width,var(--spacer-size));--align-self:var(--container-widget-align-self,initial);--flex-shrink:0}.e-con-inner>.elementor-widget-spacer>.elementor-widget-container,.e-con-inner>.elementor-widget-spacer>.elementor-widget-container>.elementor-spacer,.e-con>.elementor-widget-spacer>.elementor-widget-container,.e-con>.elementor-widget-spacer>.elementor-widget-container>.elementor-spacer{height:100%}.e-con-inner>.elementor-widget-spacer>.elementor-widget-container>.elementor-spacer>.elementor-spacer-inner,.e-con>.elementor-widget-spacer>.elementor-widget-container>.elementor-spacer>.elementor-spacer-inner{height:var(--container-widget-height,var(--spacer-size))}<\/style>\t\t<div class=\"elementor-spacer\">\n\t\t\t<div class=\"elementor-spacer-inner\"><\/div>\n\t\t<\/div>\n\t\t\t\t<\/div>\n\t\t\t\t<\/div>\n\t\t\t\t<div class=\"elementor-element elementor-element-4c1f830e elementor-widget elementor-widget-imroz-section-title\" data-id=\"4c1f830e\" data-element_type=\"widget\" data-widget_type=\"imroz-section-title.default\">\n\t\t\t\t<div class=\"elementor-widget-container\">\n\t\t\t        <div class=\"section-title mb--20 mb_sm--0 text-center\">\n                                        <span class=\"sub-title\">Siga, Curta e Compartilhe!<\/span>\n                        <h2 class=\"title rbt-section-title\"><span>Primeira Igreja Presbiteriana de Cruz das Almas<\/span><\/h2>                            <p>Conhe\u00e7a um pouco sobre a hist\u00f3ria.<\/p>\n                            <\/div>\n        \t\t<\/div>\n\t\t\t\t<\/div>\n\t\t\t\t<div class=\"elementor-element elementor-element-7aa261b8 elementor-widget elementor-widget-spacer\" data-id=\"7aa261b8\" data-element_type=\"widget\" data-widget_type=\"spacer.default\">\n\t\t\t\t<div class=\"elementor-widget-container\">\n\t\t\t\t\t<div class=\"elementor-spacer\">\n\t\t\t<div class=\"elementor-spacer-inner\"><\/div>\n\t\t<\/div>\n\t\t\t\t<\/div>\n\t\t\t\t<\/div>\n\t\t\t\t\t<\/div>\n\t\t<\/div>\n\t\t\t\t\t\t\t<\/div>\n\t\t<\/section>\n\t\t\t\t<section class=\"elementor-section elementor-top-section elementor-element elementor-element-23e582d elementor-section-boxed elementor-section-height-default elementor-section-height-default\" data-id=\"23e582d\" data-element_type=\"section\">\n\t\t\t\t\t\t<div class=\"elementor-container elementor-column-gap-default\">\n\t\t\t\t\t<div class=\"elementor-column elementor-col-100 elementor-top-column elementor-element elementor-element-f818d6c\" data-id=\"f818d6c\" data-element_type=\"column\">\n\t\t\t<div class=\"elementor-widget-wrap elementor-element-populated\">\n\t\t\t\t\t\t\t\t<div class=\"elementor-element elementor-element-04ac7fd elementor-widget elementor-widget-imroz-section-title\" data-id=\"04ac7fd\" data-element_type=\"widget\" data-widget_type=\"imroz-section-title.default\">\n\t\t\t\t<div class=\"elementor-widget-container\">\n\t\t\t        <div class=\"section-title mb--20 mb_sm--0 text-left\">\n                                        <span class=\"sub-title\">Memorial Digital!<\/span>\n                        <h2 class=\"title rbt-section-title\"><span>Apresenta\u00e7\u00e3o<\/span><\/h2>                            <\/div>\n        \t\t<\/div>\n\t\t\t\t<\/div>\n\t\t\t\t<div class=\"elementor-element elementor-element-4f5b375 elementor-widget elementor-widget-image\" data-id=\"4f5b375\" data-element_type=\"widget\" data-widget_type=\"image.default\">\n\t\t\t\t<div class=\"elementor-widget-container\">\n\t\t\t<style>\/*! elementor - v3.11.3 - 07-03-2023 *\/\n.elementor-widget-image{text-align:center}.elementor-widget-image a{display:inline-block}.elementor-widget-image a img[src$=\".svg\"]{width:48px}.elementor-widget-image img{vertical-align:middle;display:inline-block}<\/style>\t\t\t\t\t\t\t\t\t\t\t\t<img decoding=\"async\" width=\"640\" height=\"356\" src=\"https:\/\/memorialdecruzdasalmas.com.br\/memorial\/wp-content\/uploads\/2022\/11\/igreja-presbiteriana.jpg\" class=\"attachment-large size-large wp-image-3990\" alt=\"\" srcset=\"https:\/\/memorialdecruzdasalmas.com.br\/memorial\/wp-content\/uploads\/2022\/11\/igreja-presbiteriana.jpg 967w, https:\/\/memorialdecruzdasalmas.com.br\/memorial\/wp-content\/uploads\/2022\/11\/igreja-presbiteriana-300x167.jpg 300w, https:\/\/memorialdecruzdasalmas.com.br\/memorial\/wp-content\/uploads\/2022\/11\/igreja-presbiteriana-768x427.jpg 768w\" sizes=\"(max-width: 640px) 100vw, 640px\" \/>\t\t\t\t\t\t\t\t\t\t\t\t\t\t\t<\/div>\n\t\t\t\t<\/div>\n\t\t\t\t<div class=\"elementor-element elementor-element-2bd4ad4 elementor-widget elementor-widget-text-editor\" data-id=\"2bd4ad4\" data-element_type=\"widget\" data-widget_type=\"text-editor.default\">\n\t\t\t\t<div class=\"elementor-widget-container\">\n\t\t\t<style>\/*! elementor - v3.11.3 - 07-03-2023 *\/\n.elementor-widget-text-editor.elementor-drop-cap-view-stacked .elementor-drop-cap{background-color:#818a91;color:#fff}.elementor-widget-text-editor.elementor-drop-cap-view-framed .elementor-drop-cap{color:#818a91;border:3px solid;background-color:transparent}.elementor-widget-text-editor:not(.elementor-drop-cap-view-default) .elementor-drop-cap{margin-top:8px}.elementor-widget-text-editor:not(.elementor-drop-cap-view-default) .elementor-drop-cap-letter{width:1em;height:1em}.elementor-widget-text-editor .elementor-drop-cap{float:left;text-align:center;line-height:1;font-size:50px}.elementor-widget-text-editor .elementor-drop-cap-letter{display:inline-block}<\/style>\t\t\t\t<p style=\"text-align: justify; text-justify: inter-ideograph;\"><span style=\"color: #333333;\"><strong>HIST\u00d3RIA<\/strong>\u00a0\u2013 As primeiras incurs\u00f5es do presbiterianismo na Bahia foram promovidas por Francis J. C. Schneider \u2013 colaborador do Rev. Simonton \u2013 ainda em 1871, em Salvador. Em 1872 ele fazia os primeiros batismos na cidade. Tamb\u00e9m colaboraram neste per\u00edodo\u00a0na Bahia Alexander L. Blackford e George W. Chamberlain (portanto, tr\u00eas importantes pioneiros do presbiterianismo no Brasil). Outros mission\u00e1rios enviados por outras regi\u00f5es dos EUA prestaram importante servi\u00e7o, como o Rev. John Benjamin Kolb e o Rev. William Waddel \u2013 que fundou uma escola presbiteriana em Ponte\u00a0Nova. Em 1903 foi constru\u00eddo o primeiro templo e a igreja j\u00e1 prosperava. Em 1950, o S\u00ednodo Bahia-Sergipe incluia os presbit\u00e9rios de Salvador, Campo Formoso e Itabuna.<\/span><\/p>\n<p style=\"text-align: justify; text-justify: inter-ideograph;\"><span style=\"color: #333333;\">Foi no in\u00edcio da d\u00e9cada de 80 [fevereiro de 1982] que um grupo de irm\u00e3os presbiterianos, vindos de diversas regi\u00f5es, majoritariamente de Salvador,\u00a0se instalou\u00a0em Cruz das Almas, principalmente\u00a0sob influ\u00eancia das\u00a0opera\u00e7\u00f5es da Odebrecht nas obras da Hidrel\u00e9trica Pedra do Cavalo. Esses irm\u00e3os empreenderam esfor\u00e7os para fundar uma congrega\u00e7\u00e3o presbiteriana. \u00c0\u00a0convite do grupo, o Rev. Eliezer Ara\u00fajo, ent\u00e3o ministro em Itabuna, fundou a congrega\u00e7\u00e3o na cidade e a entregou \u00e0 responsabilidade dos irm\u00e3os, que procuraram o Presbit\u00e9rio de Salvador para assist\u00eancia. Assim, nossa igreja surgiu sob a figura da congrega\u00e7\u00e3o presbiterial. \u00c9 preciso notar que embora os fundadores e primeiros membros da congrega\u00e7\u00e3o sempre tenham se sentido\u00a0independentes e, de fato, eram para todos os efeitos, o que caracteriza a congrega\u00e7\u00e3o presbiterial, nos termos da nossa constitui\u00e7\u00e3o, \u00e9 justamente o fato de n\u00e3o ser capaz de governo pr\u00f3prio. Essa situa\u00e7\u00e3o dif\u00edcil e inadequada perdurou por mais de 30 anos.<\/span><\/p>\n<p style=\"text-align: justify; text-justify: inter-ideograph;\"><span style=\"color: #333333;\">O trabalho iniciou num pr\u00e9dio situado \u00e0 Rua Leopoldo Cesarano [Rua da Malva], com esses primeiros irm\u00e3os.\u00a0No in\u00edcio dos trabalhos, vinham ministros de Salvador para realizar os atos pastorais e vinham mission\u00e1rios, durante a semana, para evangeliza\u00e7\u00e3o. Apesar de ser uma comunidade pequena, exerceu influ\u00eancia suficiente para conquistar, junto ao prefeito Claudomiro Pamponet, a doa\u00e7\u00e3o de um terreno para a constru\u00e7\u00e3o do templo. Os fundamentos da constru\u00e7\u00e3o chegaram a ser lan\u00e7ados numa cerim\u00f4nia simb\u00f3lica de que participou o pr\u00f3prio prefeito, em 1983. No entanto, com a mudan\u00e7a de governo a promessa foi desfeita, pois o terreno n\u00e3o chegou a ser formalmente passado para o nome da igreja.<\/span><\/p>\n<p style=\"text-align: justify; text-justify: inter-ideograph;\"><span style=\"color: #333333;\">A congrega\u00e7\u00e3o se transferiu para outro pr\u00e9dio, na Rua Ruy Barbosa [Rua da Esta\u00e7\u00e3o], onde funcionou durante algum tempo. Durante esse per\u00edodo, em fun\u00e7\u00e3o da sa\u00edda de alguns membros \u2013 por for\u00e7a da conclus\u00e3o das opera\u00e7\u00f5es da Odebrecht em Pedra do Cavalo, a congrega\u00e7\u00e3o enfrentou alguns problemas financeiros. Depois de ter adquirido um terreno em que construiria o seu templo e enquanto o constru\u00eda, a congrega\u00e7\u00e3o chegou a se reunir \u2013\u00a0mas uma vez, em fun\u00e7\u00e3o do prest\u00edgio conquistado na cidade \u2013 no Col\u00e9gio Virgild\u00e1sio Sena. Mesmo sob tais condi\u00e7\u00f5es, a congrega\u00e7\u00e3o chegou a sediar encontros presbiteriais de adolescentes e eventos semelhantes.<\/span><\/p>\n<p style=\"text-align: justify; text-justify: inter-ideograph;\"><span style=\"color: #333333;\">A constru\u00e7\u00e3o foi conclu\u00edda e a congrega\u00e7\u00e3o se transferiu para o seu atual endere\u00e7o, na Rua Pedro Manoel da Silveira, em fins da d\u00e9cada de 1980, quando tamb\u00e9m foi transferida do Presbit\u00e9rio de Salvador para o rec\u00e9m criado Presbit\u00e9rio Central, com sede em Feira de Santana. Mesmo assim, durante algum tempo, a congrega\u00e7\u00e3o permaneceu desassistida, infelizmente. A congrega\u00e7\u00e3o foi para o novo templo em 1991. Durante a d\u00e9cada de 1990, em que a congrega\u00e7\u00e3o passou a ter obreiros em tempo integral,\u00a0outras dificuldades foram ainda enfrentadas pela congrega\u00e7\u00e3o, como o ass\u00e9dio do movimento G12. Durante boa parte desse per\u00edodo, o governo e o ensino na igreja foram conduzidos por uma mesa administrativa constitu\u00eddo por mulheres, o que est\u00e1 em clara contradi\u00e7\u00e3o com os documentos da IPB e as Sagradas Escrituras.<\/span><\/p>\t\t\t\t\t\t<\/div>\n\t\t\t\t<\/div>\n\t\t\t\t<div class=\"elementor-element elementor-element-71605a3 elementor-widget elementor-widget-spacer\" data-id=\"71605a3\" data-element_type=\"widget\" data-widget_type=\"spacer.default\">\n\t\t\t\t<div class=\"elementor-widget-container\">\n\t\t\t\t\t<div class=\"elementor-spacer\">\n\t\t\t<div class=\"elementor-spacer-inner\"><\/div>\n\t\t<\/div>\n\t\t\t\t<\/div>\n\t\t\t\t<\/div>\n\t\t\t\t\t<\/div>\n\t\t<\/div>\n\t\t\t\t\t\t\t<\/div>\n\t\t<\/section>\n\t\t\t\t\t\t\t<\/div>\n\t\t","protected":false},"excerpt":{"rendered":"<p>Siga, Curta e Compartilhe! Primeira Igreja Presbiteriana de Cruz das Almas Conhe\u00e7a um pouco sobre a hist\u00f3ria. Memorial Digital! Apresenta\u00e7\u00e3o HIST\u00d3RIA\u00a0\u2013 As primeiras incurs\u00f5es do presbiterianismo na Bahia foram promovidas por Francis J. C. Schneider \u2013 colaborador do Rev. Simonton \u2013 ainda em 1871, em Salvador. Em 1872 ele fazia os primeiros batismos na cidade. [&hellip;]<\/p>\n","protected":false},"author":1,"featured_media":0,"parent":0,"menu_order":0,"comment_status":"closed","ping_status":"closed","template":"elementor_header_footer","meta":{"footnotes":""},"class_list":["post-3944","page","type-page","status-publish","hentry"],"acf":[],"_links":{"self":[{"href":"https:\/\/memorialdecruzdasalmas.com.br\/memorial\/wp-json\/wp\/v2\/pages\/3944","targetHints":{"allow":["GET"]}}],"collection":[{"href":"https:\/\/memorialdecruzdasalmas.com.br\/memorial\/wp-json\/wp\/v2\/pages"}],"about":[{"href":"https:\/\/memorialdecruzdasalmas.com.br\/memorial\/wp-json\/wp\/v2\/types\/page"}],"author":[{"embeddable":true,"href":"https:\/\/memorialdecruzdasalmas.com.br\/memorial\/wp-json\/wp\/v2\/users\/1"}],"replies":[{"embeddable":true,"href":"https:\/\/memorialdecruzdasalmas.com.br\/memorial\/wp-json\/wp\/v2\/comments?post=3944"}],"version-history":[{"count":22,"href":"https:\/\/memorialdecruzdasalmas.com.br\/memorial\/wp-json\/wp\/v2\/pages\/3944\/revisions"}],"predecessor-version":[{"id":4439,"href":"https:\/\/memorialdecruzdasalmas.com.br\/memorial\/wp-json\/wp\/v2\/pages\/3944\/revisions\/4439"}],"wp:attachment":[{"href":"https:\/\/memorialdecruzdasalmas.com.br\/memorial\/wp-json\/wp\/v2\/media?parent=3944"}],"curies":[{"name":"wp","href":"https:\/\/api.w.org\/{rel}","templated":true}]}}

<div data-elementor-type="wp-page" data-elementor-id="3944" class="elementor elementor-3944">
									<section class="elementor-section elementor-top-section elementor-element elementor-element-6e6205ad elementor-section-full_width elementor-section-stretched elementor-section-height-default elementor-section-height-default" data-id="6e6205ad" data-element_type="section" data-settings="{&quot;stretch_section&quot;:&quot;section-stretched&quot;,&quot;background_background&quot;:&quot;classic&quot;}">
							<div class="elementor-background-overlay"></div>
							<div class="elementor-container elementor-column-gap-no">
					<div class="elementor-column elementor-col-100 elementor-top-column elementor-element elementor-element-694854af" data-id="694854af" data-element_type="column">
			<div class="elementor-widget-wrap elementor-element-populated">
								<div class="elementor-element elementor-element-e7213b2 elementor-widget elementor-widget-spacer" data-id="e7213b2" data-element_type="widget" data-widget_type="spacer.default">
				<div class="elementor-widget-container">
			<style>/*! elementor - v3.11.3 - 07-03-2023 */
.elementor-column .elementor-spacer-inner{height:var(--spacer-size)}.e-con{--container-widget-width:100%}.e-con-inner>.elementor-widget-spacer,.e-con>.elementor-widget-spacer{width:var(--container-widget-width,var(--spacer-size));--align-self:var(--container-widget-align-self,initial);--flex-shrink:0}.e-con-inner>.elementor-widget-spacer>.elementor-widget-container,.e-con-inner>.elementor-widget-spacer>.elementor-widget-container>.elementor-spacer,.e-con>.elementor-widget-spacer>.elementor-widget-container,.e-con>.elementor-widget-spacer>.elementor-widget-container>.elementor-spacer{height:100%}.e-con-inner>.elementor-widget-spacer>.elementor-widget-container>.elementor-spacer>.elementor-spacer-inner,.e-con>.elementor-widget-spacer>.elementor-widget-container>.elementor-spacer>.elementor-spacer-inner{height:var(--container-widget-height,var(--spacer-size))}</style>		<div class="elementor-spacer">
			<div class="elementor-spacer-inner"></div>
		</div>
				</div>
				</div>
				<div class="elementor-element elementor-element-4c1f830e elementor-widget elementor-widget-imroz-section-title" data-id="4c1f830e" data-element_type="widget" data-widget_type="imroz-section-title.default">
				<div class="elementor-widget-container">
			        <div class="section-title mb--20 mb_sm--0 text-center">
                                        <span class="sub-title">Siga, Curta e Compartilhe!</span>
                        <h2 class="title rbt-section-title"><span>Primeira Igreja Presbiteriana de Cruz das Almas</span></h2>                            <p>Conheça um pouco sobre a história.</p>
                            </div>
        		</div>
				</div>
				<div class="elementor-element elementor-element-7aa261b8 elementor-widget elementor-widget-spacer" data-id="7aa261b8" data-element_type="widget" data-widget_type="spacer.default">
				<div class="elementor-widget-container">
					<div class="elementor-spacer">
			<div class="elementor-spacer-inner"></div>
		</div>
				</div>
				</div>
					</div>
		</div>
							</div>
		</section>
				<section class="elementor-section elementor-top-section elementor-element elementor-element-23e582d elementor-section-boxed elementor-section-height-default elementor-section-height-default" data-id="23e582d" data-element_type="section">
						<div class="elementor-container elementor-column-gap-default">
					<div class="elementor-column elementor-col-100 elementor-top-column elementor-element elementor-element-f818d6c" data-id="f818d6c" data-element_type="column">
			<div class="elementor-widget-wrap elementor-element-populated">
								<div class="elementor-element elementor-element-04ac7fd elementor-widget elementor-widget-imroz-section-title" data-id="04ac7fd" data-element_type="widget" data-widget_type="imroz-section-title.default">
				<div class="elementor-widget-container">
			        <div class="section-title mb--20 mb_sm--0 text-left">
                                        <span class="sub-title">Memorial Digital!</span>
                        <h2 class="title rbt-section-title"><span>Apresentação</span></h2>                            </div>
        		</div>
				</div>
				<div class="elementor-element elementor-element-4f5b375 elementor-widget elementor-widget-image" data-id="4f5b375" data-element_type="widget" data-widget_type="image.default">
				<div class="elementor-widget-container">
			<style>/*! elementor - v3.11.3 - 07-03-2023 */
.elementor-widget-image{text-align:center}.elementor-widget-image a{display:inline-block}.elementor-widget-image a img[src$=".svg"]{width:48px}.elementor-widget-image img{vertical-align:middle;display:inline-block}</style>												<img decoding="async" width="640" height="356" src="https://memorialdecruzdasalmas.com.br/memorial/wp-content/uploads/2022/11/igreja-presbiteriana.jpg" class="attachment-large size-large wp-image-3990" alt="" srcset="https://memorialdecruzdasalmas.com.br/memorial/wp-content/uploads/2022/11/igreja-presbiteriana.jpg 967w, https://memorialdecruzdasalmas.com.br/memorial/wp-content/uploads/2022/11/igreja-presbiteriana-300x167.jpg 300w, https://memorialdecruzdasalmas.com.br/memorial/wp-content/uploads/2022/11/igreja-presbiteriana-768x427.jpg 768w" sizes="(max-width: 640px) 100vw, 640px" />															</div>
				</div>
				<div class="elementor-element elementor-element-2bd4ad4 elementor-widget elementor-widget-text-editor" data-id="2bd4ad4" data-element_type="widget" data-widget_type="text-editor.default">
				<div class="elementor-widget-container">
			<style>/*! elementor - v3.11.3 - 07-03-2023 */
.elementor-widget-text-editor.elementor-drop-cap-view-stacked .elementor-drop-cap{background-color:#818a91;color:#fff}.elementor-widget-text-editor.elementor-drop-cap-view-framed .elementor-drop-cap{color:#818a91;border:3px solid;background-color:transparent}.elementor-widget-text-editor:not(.elementor-drop-cap-view-default) .elementor-drop-cap{margin-top:8px}.elementor-widget-text-editor:not(.elementor-drop-cap-view-default) .elementor-drop-cap-letter{width:1em;height:1em}.elementor-widget-text-editor .elementor-drop-cap{float:left;text-align:center;line-height:1;font-size:50px}.elementor-widget-text-editor .elementor-drop-cap-letter{display:inline-block}</style>				<p style="text-align: justify; text-justify: inter-ideograph;"><span style="color: #333333;"><strong>HISTÓRIA</strong> – As primeiras incursões do presbiterianismo na Bahia foram promovidas por Francis J. C. Schneider – colaborador do Rev. Simonton – ainda em 1871, em Salvador. Em 1872 ele fazia os primeiros batismos na cidade. Também colaboraram neste período na Bahia Alexander L. Blackford e George W. Chamberlain (portanto, três importantes pioneiros do presbiterianismo no Brasil). Outros missionários enviados por outras regiões dos EUA prestaram importante serviço, como o Rev. John Benjamin Kolb e o Rev. William Waddel – que fundou uma escola presbiteriana em Ponte Nova. Em 1903 foi construído o primeiro templo e a igreja já prosperava. Em 1950, o Sínodo Bahia-Sergipe incluia os presbitérios de Salvador, Campo Formoso e Itabuna.</span></p>
<p style="text-align: justify; text-justify: inter-ideograph;"><span style="color: #333333;">Foi no início da década de 80 [fevereiro de 1982] que um grupo de irmãos presbiterianos, vindos de diversas regiões, majoritariamente de Salvador, se instalou em Cruz das Almas, principalmente sob influência das operações da Odebrecht nas obras da Hidrelétrica Pedra do Cavalo. Esses irmãos empreenderam esforços para fundar uma congregação presbiteriana. À convite do grupo, o Rev. Eliezer Araújo, então ministro em Itabuna, fundou a congregação na cidade e a entregou à responsabilidade dos irmãos, que procuraram o Presbitério de Salvador para assistência. Assim, nossa igreja surgiu sob a figura da congregação presbiterial. É preciso notar que embora os fundadores e primeiros membros da congregação sempre tenham se sentido independentes e, de fato, eram para todos os efeitos, o que caracteriza a congregação presbiterial, nos termos da nossa constituição, é justamente o fato de não ser capaz de governo próprio. Essa situação difícil e inadequada perdurou por mais de 30 anos.</span></p>
<p style="text-align: justify; text-justify: inter-ideograph;"><span style="color: #333333;">O trabalho iniciou num prédio situado à Rua Leopoldo Cesarano [Rua da Malva], com esses primeiros irmãos. No início dos trabalhos, vinham ministros de Salvador para realizar os atos pastorais e vinham missionários, durante a semana, para evangelização. Apesar de ser uma comunidade pequena, exerceu influência suficiente para conquistar, junto ao prefeito Claudomiro Pamponet, a doação de um terreno para a construção do templo. Os fundamentos da construção chegaram a ser lançados numa cerimônia simbólica de que participou o próprio prefeito, em 1983. No entanto, com a mudança de governo a promessa foi desfeita, pois o terreno não chegou a ser formalmente passado para o nome da igreja.</span></p>
<p style="text-align: justify; text-justify: inter-ideograph;"><span style="color: #333333;">A congregação se transferiu para outro prédio, na Rua Ruy Barbosa [Rua da Estação], onde funcionou durante algum tempo. Durante esse período, em função da saída de alguns membros – por força da conclusão das operações da Odebrecht em Pedra do Cavalo, a congregação enfrentou alguns problemas financeiros. Depois de ter adquirido um terreno em que construiria o seu templo e enquanto o construía, a congregação chegou a se reunir – mas uma vez, em função do prestígio conquistado na cidade – no Colégio Virgildásio Sena. Mesmo sob tais condições, a congregação chegou a sediar encontros presbiteriais de adolescentes e eventos semelhantes.</span></p>
<p style="text-align: justify; text-justify: inter-ideograph;"><span style="color: #333333;">A construção foi concluída e a congregação se transferiu para o seu atual endereço, na Rua Pedro Manoel da Silveira, em fins da década de 1980, quando também foi transferida do Presbitério de Salvador para o recém criado Presbitério Central, com sede em Feira de Santana. Mesmo assim, durante algum tempo, a congregação permaneceu desassistida, infelizmente. A congregação foi para o novo templo em 1991. Durante a década de 1990, em que a congregação passou a ter obreiros em tempo integral, outras dificuldades foram ainda enfrentadas pela congregação, como o assédio do movimento G12. Durante boa parte desse período, o governo e o ensino na igreja foram conduzidos por uma mesa administrativa constituído por mulheres, o que está em clara contradição com os documentos da IPB e as Sagradas Escrituras.</span></p>						</div>
				</div>
				<div class="elementor-element elementor-element-71605a3 elementor-widget elementor-widget-spacer" data-id="71605a3" data-element_type="widget" data-widget_type="spacer.default">
				<div class="elementor-widget-container">
					<div class="elementor-spacer">
			<div class="elementor-spacer-inner"></div>
		</div>
				</div>
				</div>
					</div>
		</div>
							</div>
		</section>
							</div>

<p>Siga, Curta e Compartilhe! Primeira Igreja Presbiteriana de Cruz das Almas Conheça um pouco sobre a história. Memorial Digital! Apresentação HISTÓRIA – As primeiras incursões do presbiterianismo na Bahia foram promovidas por Francis J. C. Schneider – colaborador do Rev. Simonton – ainda em 1871, em Salvador. Em 1872 ele fazia os primeiros batismos na cidade. [&hellip;]</p>
